{"id":2,"date":"2019-11-10T21:14:16","date_gmt":"2019-11-10T21:14:16","guid":{"rendered":"http:\/\/fajneauta.pl\/?page_id=2"},"modified":"2024-02-24T13:27:15","modified_gmt":"2024-02-24T13:27:15","slug":"start","status":"publish","type":"page","link":"https:\/\/fajneauta.pl\/","title":{"rendered":"Tw\u00f3j niezwyk\u0142y samoch\u00f3d do \u015blubu z Fajne Auta.pl!"},"content":{"rendered":"\n<p>Witam serdecznie, <\/p>\n\n\n\n<p>mi\u0142o mi, \u017ce odwiedzasz nasz\u0105 stron\u0119. Je\u015bli interesuje Ci\u0119 nietuzinkowy samoch\u00f3d do \u015blubu, na komuni\u0119, wiecz\u00f3r kawalerski, czy inn\u0105 uroczysto\u015b\u0107 to jeste\u015b we w\u0142a\u015bciwym miejscu.<\/p>\n\n\n\n<p>Posiadam legalnie dzia\u0142aj\u0105c\u0105 firm\u0119, certyfikat kompetencji zawodowych w drogowym transporcie os\u00f3b, odpowiedni\u0105 licencj\u0119 na przew\u00f3z os\u00f3b, badania lekarskie i psychologiczne dla kierowcy zawodowego oraz szczepienia przeciw COVID, a przew\u00f3z odbywa si\u0119 w oparciu o umow\u0119 oraz wystawiam faktur\u0119 VAT. Jednym s\u0142owem &#8211; <strong>WIARYGODNO\u015a\u0106<\/strong><\/p>\n\n\n\n<p class=\"has-normal-font-size\">Us\u0142ugi \u015bwiadcz\u0119 g\u0142\u00f3wnie w <strong>wojew\u00f3dztwie \u015bl\u0105skim i ma\u0142opolskim<\/strong> na terenie powiat\u00f3w: Cieszyn, Bielsko, \u017bywiec, Pszczyna, O\u015bwi\u0119cim, Wadowice, Sucha Beskidzka &#8211; pozosta\u0142e do ustalenia.<\/p>\n\n\n\n<p>Zapoznaj si\u0119 z nasz\u0105 ofert\u0105 i pytaj o termin!<\/p>\n\n\n\n<p>Kliknij samoch\u00f3d aby wy\u015bwietli\u0107 szczeg\u00f3\u0142y<\/p>\n\n\n\n<p><strong><a aria-label=\"POLSKI FIAT 125p '77 (opens in a new tab)\" href=\"https:\/\/fajneauta.pl\/index.php\/polski-fiat-125p\" target=\"_blank\" rel=\"noreferrer noopener\">POLSKI FIAT 125p &#8217;77<\/a><\/strong><\/p>\n\n\n\n<figure class=\"wp-block-image size-large\"><img loading=\"lazy\" width=\"1024\" height=\"681\" src=\"https:\/\/fajneauta.pl\/wp-content\/uploads\/2024\/02\/6DS3016-1024x681.jpg\" alt=\"\" class=\"wp-image-212\" srcset=\"https:\/\/fajneauta.pl\/wp-content\/uploads\/2024\/02\/6DS3016-1024x681.jpg 1024w, https:\/\/fajneauta.pl\/wp-content\/uploads\/2024\/02\/6DS3016-300x200.jpg 300w, https:\/\/fajneauta.pl\/wp-content\/uploads\/2024\/02\/6DS3016-768x511.jpg 768w, https:\/\/fajneauta.pl\/wp-content\/uploads\/2024\/02\/6DS3016-1536x1022.jpg 1536w, https:\/\/fajneauta.pl\/wp-content\/uploads\/2024\/02\/6DS3016-2048x1362.jpg 2048w\" sizes=\"(max-width: 767px) 89vw, (max-width: 1000px) 54vw, (max-width: 1071px) 543px, 580px\" \/><\/figure>\n\n\n\n<p><strong><a aria-label=\"MERCEDES-BENZ S500 SEL W140 '91 (opens in a new tab)\" href=\"https:\/\/fajneauta.pl\/index.php\/mercedes-benz-s500-w140-91\/\" target=\"_blank\" rel=\"noreferrer noopener\">MERCEDES-BENZ S500 SEL W140 &#8217;91<\/a><\/strong><\/p>\n\n\n\n<figure class=\"wp-block-image size-large is-resized\"><a href=\"https:\/\/fajneauta.pl\/index.php\/mercedes-benz-s500-w140-91\/\"><img loading=\"lazy\" src=\"https:\/\/fajneauta.pl\/wp-content\/uploads\/2020\/07\/MB500-Kopia.jpg\" alt=\"\" class=\"wp-image-60\" width=\"512\" height=\"384\" srcset=\"https:\/\/fajneauta.pl\/wp-content\/uploads\/2020\/07\/MB500-Kopia.jpg 525w, https:\/\/fajneauta.pl\/wp-content\/uploads\/2020\/07\/MB500-Kopia-300x225.jpg 300w\" sizes=\"(max-width: 512px) 100vw, 512px\" \/><\/a><\/figure>\n\n\n\n<p><strong><a aria-label=\"MERCEDES-BENZ W108 280 SEL 4,5l '72 (opens in a new tab)\" href=\"https:\/\/fajneauta.pl\/index.php\/mercedes-benz-w108-280-sel-45l-72\" target=\"_blank\" rel=\"noreferrer noopener\">MERCEDES-BENZ W108 280 SEL 4,5l &#8217;72<\/a><\/strong><\/p>\n\n\n\n<figure class=\"wp-block-image size-large is-resized\"><a href=\"https:\/\/fajneauta.pl\/index.php\/mercedes-benz-w108-280-sel-45l-72\"><img loading=\"lazy\" src=\"https:\/\/fajneauta.pl\/wp-content\/uploads\/2020\/08\/MeBew108.jpg\" alt=\"\" class=\"wp-image-90\" width=\"512\" height=\"384\" srcset=\"https:\/\/fajneauta.pl\/wp-content\/uploads\/2020\/08\/MeBew108.jpg 982w, https:\/\/fajneauta.pl\/wp-content\/uploads\/2020\/08\/MeBew108-300x225.jpg 300w, https:\/\/fajneauta.pl\/wp-content\/uploads\/2020\/08\/MeBew108-768x576.jpg 768w\" sizes=\"(max-width: 512px) 100vw, 512px\" \/><\/a><\/figure>\n\n\n\n<p class=\"has-text-align-center has-huge-font-size\"><strong>609 08 08 77<\/strong><\/p>\n\n\n\n<p class=\"has-text-align-center\">ZAPYTAJ O WYCEN\u0118<\/p>\n\n\n\n<p class=\"has-text-color\" style=\"color:#ffffff;font-size:10px\">Oferujemy pi\u0119kny samoch\u00f3d do \u015blubu Bielsko-Bia\u0142a, auto na \u015blub Szczyrk lub wesele w miejscowo\u015bciach Szczyrk, Samoch\u00f3d do slubu Szczyrk, \u017bywiec, Czechowice-Dziedzice, Pszczyna, Ustro\u0144, Wis\u0142a, Skocz\u00f3w, Cieszyn. Je\u015bli \u017cyczysz sobie do wynaj\u0119cia Auto do \u015blubu Bielsko to dobry wyb\u00f3r. Samoch\u00f3d jest klasyczny i robi ogromne wra\u017cenie na go\u015bciach weselnych. U\u015bmiechni\u0119ty i kulturalny kierowca zapewni udany przejazd do \u015blubu naszym samochodem. Nasz Fiat 125p do \u015alubu Szczyrk to pi\u0119kny samoch\u00f3d a Mercedes-Benz to auto do \u015blubu o jakim marzysz. Chcesz wynaj\u0105\u0107 samoch\u00f3d do \u015blubu lub inne fajne auto do \u015blubu? Zapraszamy do kontaktu z Fajne auta.pl.  Je\u015bli organizujesz wesele w Szczyrku lub Bielsku skorzystaj z naszych us\u0142ug wynajmu samochodu do \u015alubu z kierowc\u0105 Szczyrk Bielsko. Samoch\u00f3d z lat 70tych siedemdziesi\u0105tych oraz Mercedes S klasa do wynaj\u0119cia na \u015blub. Ten zabytkowy samoch\u00f3d do \u015blubu Szczyrk spe\u0142ni Twoje marzenia o udanej uroczysto\u015bci \u015blubnej. Samoch\u00f3d do \u015blubu Mil\u00f3wka, W\u0119gierska G\u00f3rka, Stary samoch\u00f3d do \u015blubu Szczyrk to rozwi\u0105zanie dla udanego wesela. Zabytkowy fiat 125p, Zabytkowy Mercedes na \u015blub Szczyrk oraz zabytkowy Mercedes na \u015blub Szczyrk sprawi\u0105, wszystko czego trzeba aby udane wesele zosta\u0142o zapami\u0119tane jako wesele z klas\u0105 i gustowne. Samoch\u00f3d do \u015blubu Szczyrk oraz auto na \u015blub Bielsko Bia\u0142a. To spe\u0142nienie marze\u0144 i mo\u017cliwo\u015b\u0107 wyeksponowania pi\u0119kna, kt\u00f3re kryj\u0105 w sobie zabytkowe samochody do \u015blubu. Fajneauta.pl to samoch\u00f3d do \u015blubu Szczyrk na najwy\u017cszym poziomie. Je\u015bli jeszcze si\u0119 wahasz jaki samoch\u00f3d do \u015blubu Szczyrk wybra\u0107 i jakie auto do \u015blubu Szczyrk To ju\u017c odpowiadam. Je\u017celi \u015blub to uroczysto\u015b\u0107 elegancja i powa\u017cna to w\u0142a\u015bnie taki samoch\u00f3d do \u015blubu powiniene\u015b wybra\u0107. Taki samoch\u00f3d do \u015blubu Szczyrk powinien idealnie wpasowa\u0107 si\u0119 w charakter uroczysto\u015bci jakim jest wesele. Elegancki i z klas\u0105 samoch\u00f3d do \u015blubu Bielsko Bia\u0142a to zawsze ogromne wra\u017cenie. Jak auto do \u015blubu, to tylko Mercedes! Wszyscy wiemy, \u017ce dobre pierwsze wra\u017cenie jest istotnym elementem w naszym \u017cyciu. Tak jak musieli\u015bmy zrobi\u0107 je na pierwszej randce, tak w dniu \u015blubu zr\u00f3bmy je na naszych Go\u015bciach weselnych. Wybieraj\u0105c Mercedesa mamy pewno\u015b\u0107, \u017ce nikt nie przejdzie oboj\u0119tnie, a samoch\u00f3d idealnie pasuje do sukni \u015blubnej i garnituru skrojonego na miar\u0119. Jego drapie\u017cny charakter i przyciemniane szyby gwarantuj\u0105 efekt \u201eWOW\u201d na ustach ka\u017cdego, kiedy pojawicie si\u0119 w miejscu ceremonii \u015blubnej. W tym szczeg\u00f3lnym dniu ka\u017cdy detal jest bardzo wa\u017cny \u2013 zadbaj o wizyt\u00f3wk\u0119 swojego \u015blubu jakim b\u0119dzie Mercedes Fiat 125p pi\u0119knej ods\u0142onie. Auto na wesele Mil\u00f3wka W\u0119gierska G\u00f3rka<\/p>\n","protected":false},"excerpt":{"rendered":"<p>Witam serdecznie, mi\u0142o mi, \u017ce odwiedzasz nasz\u0105 stron\u0119. Je\u015bli interesuje Ci\u0119 nietuzinkowy samoch\u00f3d do \u015blubu, na komuni\u0119, wiecz\u00f3r kawalerski, czy inn\u0105 uroczysto\u015b\u0107 to jeste\u015b we w\u0142a\u015bciwym miejscu. Posiadam legalnie dzia\u0142aj\u0105c\u0105 firm\u0119, certyfikat kompetencji zawodowych w drogowym transporcie os\u00f3b, odpowiedni\u0105 licencj\u0119 na przew\u00f3z os\u00f3b, badania lekarskie i psychologiczne dla kierowcy zawodowego oraz szczepienia przeciw COVID, a &hellip; <\/p>\n<p class=\"link-more\"><a href=\"https:\/\/fajneauta.pl\/\" class=\"more-link\">Czytaj dalej<span class=\"screen-reader-text\"> Tw\u00f3j niezwyk\u0142y samoch\u00f3d do \u015blubu z Fajne Auta.pl!<\/span><\/a><\/p>\n","protected":false},"author":1,"featured_media":0,"parent":0,"menu_order":0,"comment_status":"closed","ping_status":"closed","template":"","meta":[],"_links":{"self":[{"href":"https:\/\/fajneauta.pl\/index.php\/wp-json\/wp\/v2\/pages\/2"}],"collection":[{"href":"https:\/\/fajneauta.pl\/index.php\/wp-json\/wp\/v2\/pages"}],"about":[{"href":"https:\/\/fajneauta.pl\/index.php\/wp-json\/wp\/v2\/types\/page"}],"author":[{"embeddable":true,"href":"https:\/\/fajneauta.pl\/index.php\/wp-json\/wp\/v2\/users\/1"}],"replies":[{"embeddable":true,"href":"https:\/\/fajneauta.pl\/index.php\/wp-json\/wp\/v2\/comments?post=2"}],"version-history":[{"count":30,"href":"https:\/\/fajneauta.pl\/index.php\/wp-json\/wp\/v2\/pages\/2\/revisions"}],"predecessor-version":[{"id":220,"href":"https:\/\/fajneauta.pl\/index.php\/wp-json\/wp\/v2\/pages\/2\/revisions\/220"}],"wp:attachment":[{"href":"https:\/\/fajneauta.pl\/index.php\/wp-json\/wp\/v2\/media?parent=2"}],"curies":[{"name":"wp","href":"https:\/\/api.w.org\/{rel}","templated":true}]}}