{"id":80,"date":"2020-08-24T20:17:23","date_gmt":"2020-08-24T20:17:23","guid":{"rendered":"https:\/\/fajneauta.pl\/?page_id=80"},"modified":"2022-08-30T23:05:11","modified_gmt":"2022-08-30T23:05:11","slug":"mercedes-benz-s500-w140-91","status":"publish","type":"page","link":"https:\/\/fajneauta.pl\/index.php\/mercedes-benz-s500-w140-91\/","title":{"rendered":"Mercedes-Benz S500 SEL W140 &#8217;91"},"content":{"rendered":"\n<p>Mercedes S klas\u0119 III generacji.<br> KLASYK I WSP\u00d3\u0141CZESNA WYGODA w jednym.<\/p>\n\n\n\n<p>To najwi\u0119kszy samoch\u00f3d z topowych limuzyn lat 90-tych. <\/p>\n\n\n\n<p>Definicja najwy\u017cszej, luksusowej klasy samochod\u00f3w osobowych tamtych czas\u00f3w.<br> W tym reprezentacyjnym samochodzie \u0142atwo poczu\u0107, \u017ce najwa\u017cniejsze osoby podr\u00f3\u017cuj\u0105 na tylnych siedzeniach. Zosta\u0142 stworzony dla pasa\u017cer\u00f3w, dlatego by\u0142 oczywistym wyborem do przewozu polityk\u00f3w, dyplomat\u00f3w i szeroko poj\u0119tych VIP.<br> Odznacza si\u0119 bardzo przestronnym wn\u0119trzem, doskona\u0142\u0105 jako\u015bci\u0105 wykonania, bogatym wyposa\u017ceniem i wspania\u0142ym komfortem jazdy.<\/p>\n\n\n\n<p>\u015awie\u017co odnowiony, b\u0142yszcz\u0105cy lakier i oryginalne, zachowane we wzorowym stanie sk\u00f3rzane wn\u0119trze.<br>\nJest to fabrycznie wyd\u0142u\u017cona wersja SEL dla jeszcze lepszego komfortu pasa\u017cer\u00f3w, \u015bwietny pi\u0119ciolitrowy silnik V8, automatyczna klimatyzacja, automatycznie domykane drzwi, podw\u00f3jne szyby itp.<\/p>\n\n\n\n<p>W cenie okoliczno\u015bciowe tablice, mo\u017cliwo\u015b\u0107 przystrojenia w bia\u0142e ozdoby florystyczne, dwa bia\u0142e serca na tylnej szybie itp. Szczeg\u00f3lnie polecam wykorzystanie presti\u017cowego charakteru tego samochodu w wystroju jedynie z dyplomatycznymi masztami flagowymi nad przednimi b\u0142otnikami. Wz\u00f3r okoliczno\u015bciowej flagi samochodowej do wyboru.<\/p>\n\n\n\n<p>Je\u015bli chcesz si\u0119 wyr\u00f3\u017cni\u0107 i pojecha\u0107 do \u015blubu nietuzinkowym samochodem,  kt\u00f3rego trudno ju\u017c szuka\u0107 na ulicach, a na zdj\u0119ciach \u015blubnych mie\u0107  kawa\u0142ek historii motoryzacji, kt\u00f3ry za 5, 10, 15 lat nie spowszednieje, tylko b\u0119dzie wygl\u0105da\u0142 coraz dostojniej &#8211; zapraszam do  kontaktu. <\/p>\n\n\n\n<p>Po wi\u0119cej informacji oraz w celu rezerwacji terminu tego pi\u0119knego klasyka jako samochodu do \u015blubu zapraszam do dzia\u0142u <a href=\"https:\/\/fajneauta.pl\/index.php\/kontakt\/\" target=\"_blank\" aria-label=\"KONTAKT (opens in a new tab)\" rel=\"noreferrer noopener\">KONTAKT<\/a>. <\/p>\n\n\n\n<p>Nasze pozosta\u0142e znakomite samochody do \u015blubu i na inne okazje:<\/p>\n\n\n\n<p>  <a href=\"https:\/\/fajneauta.pl\/index.php\/polski-fiat-125p\" target=\"_blank\" aria-label=\"POLSKI FIAT 125p '77  (opens in a new tab)\" rel=\"noreferrer noopener\"><strong>POLSKI FIAT 125p &#8217;77<\/strong> <\/a><\/p>\n\n\n\n<p>  <strong><a href=\"https:\/\/fajneauta.pl\/index.php\/mercedes-benz-w108-280-sel-45l-72\" target=\"_blank\" rel=\"noreferrer noopener\">MERCEDES-BENZ W108 280 SEL 4,5l &#8217;72<\/a><\/strong> <\/p>\n\n\n\n<figure class=\"wp-block-image size-large\"><img loading=\"lazy\" width=\"1024\" height=\"583\" src=\"https:\/\/fajneauta.pl\/wp-content\/uploads\/2022\/08\/500SEL-1024x583.jpg\" alt=\"\" class=\"wp-image-189\" srcset=\"https:\/\/fajneauta.pl\/wp-content\/uploads\/2022\/08\/500SEL-1024x583.jpg 1024w, https:\/\/fajneauta.pl\/wp-content\/uploads\/2022\/08\/500SEL-300x171.jpg 300w, https:\/\/fajneauta.pl\/wp-content\/uploads\/2022\/08\/500SEL-768x437.jpg 768w, https:\/\/fajneauta.pl\/wp-content\/uploads\/2022\/08\/500SEL.jpg 1406w\" sizes=\"(max-width: 767px) 89vw, (max-width: 1000px) 54vw, (max-width: 1071px) 543px, 580px\" \/><\/figure>\n\n\n\n<figure class=\"wp-block-image size-large\"><img loading=\"lazy\" width=\"1024\" height=\"768\" src=\"https:\/\/fajneauta.pl\/wp-content\/uploads\/2022\/08\/Cramka-1024x768.jpg\" alt=\"\" class=\"wp-image-191\" srcset=\"https:\/\/fajneauta.pl\/wp-content\/uploads\/2022\/08\/Cramka-1024x768.jpg 1024w, https:\/\/fajneauta.pl\/wp-content\/uploads\/2022\/08\/Cramka-300x225.jpg 300w, https:\/\/fajneauta.pl\/wp-content\/uploads\/2022\/08\/Cramka-768x576.jpg 768w, https:\/\/fajneauta.pl\/wp-content\/uploads\/2022\/08\/Cramka.jpg 1067w\" sizes=\"(max-width: 767px) 89vw, (max-width: 1000px) 54vw, (max-width: 1071px) 543px, 580px\" \/><\/figure>\n","protected":false},"excerpt":{"rendered":"<p>Mercedes S klas\u0119 III generacji. KLASYK I WSP\u00d3\u0141CZESNA WYGODA w jednym. To najwi\u0119kszy samoch\u00f3d z topowych limuzyn lat 90-tych. Definicja najwy\u017cszej, luksusowej klasy samochod\u00f3w osobowych tamtych czas\u00f3w. W tym reprezentacyjnym samochodzie \u0142atwo poczu\u0107, \u017ce najwa\u017cniejsze osoby podr\u00f3\u017cuj\u0105 na tylnych siedzeniach. Zosta\u0142 stworzony dla pasa\u017cer\u00f3w, dlatego by\u0142 oczywistym wyborem do przewozu polityk\u00f3w, dyplomat\u00f3w i szeroko poj\u0119tych &hellip; <\/p>\n<p class=\"link-more\"><a href=\"https:\/\/fajneauta.pl\/index.php\/mercedes-benz-s500-w140-91\/\" class=\"more-link\">Czytaj dalej<span class=\"screen-reader-text\"> Mercedes-Benz S500 SEL W140 &#8217;91<\/span><\/a><\/p>\n","protected":false},"author":1,"featured_media":0,"parent":0,"menu_order":0,"comment_status":"closed","ping_status":"closed","template":"","meta":[],"_links":{"self":[{"href":"https:\/\/fajneauta.pl\/index.php\/wp-json\/wp\/v2\/pages\/80"}],"collection":[{"href":"https:\/\/fajneauta.pl\/index.php\/wp-json\/wp\/v2\/pages"}],"about":[{"href":"https:\/\/fajneauta.pl\/index.php\/wp-json\/wp\/v2\/types\/page"}],"author":[{"embeddable":true,"href":"https:\/\/fajneauta.pl\/index.php\/wp-json\/wp\/v2\/users\/1"}],"replies":[{"embeddable":true,"href":"https:\/\/fajneauta.pl\/index.php\/wp-json\/wp\/v2\/comments?post=80"}],"version-history":[{"count":10,"href":"https:\/\/fajneauta.pl\/index.php\/wp-json\/wp\/v2\/pages\/80\/revisions"}],"predecessor-version":[{"id":192,"href":"https:\/\/fajneauta.pl\/index.php\/wp-json\/wp\/v2\/pages\/80\/revisions\/192"}],"wp:attachment":[{"href":"https:\/\/fajneauta.pl\/index.php\/wp-json\/wp\/v2\/media?parent=80"}],"curies":[{"name":"wp","href":"https:\/\/api.w.org\/{rel}","templated":true}]}}

<p>Mercedes S klasę III generacji.<br> KLASYK I WSPÓŁCZESNA WYGODA w jednym.</p>



<p>To największy samochód z topowych limuzyn lat 90-tych. </p>



<p>Definicja najwyższej, luksusowej klasy samochodów osobowych tamtych czasów.<br> W tym reprezentacyjnym samochodzie łatwo poczuć, że najważniejsze osoby podróżują na tylnych siedzeniach. Został stworzony dla pasażerów, dlatego był oczywistym wyborem do przewozu polityków, dyplomatów i szeroko pojętych VIP.<br> Odznacza się bardzo przestronnym wnętrzem, doskonałą jakością wykonania, bogatym wyposażeniem i wspaniałym komfortem jazdy.</p>



<p>Świeżo odnowiony, błyszczący lakier i oryginalne, zachowane we wzorowym stanie skórzane wnętrze.<br>
Jest to fabrycznie wydłużona wersja SEL dla jeszcze lepszego komfortu pasażerów, świetny pięciolitrowy silnik V8, automatyczna klimatyzacja, automatycznie domykane drzwi, podwójne szyby itp.</p>



<p>W cenie okolicznościowe tablice, możliwość przystrojenia w białe ozdoby florystyczne, dwa białe serca na tylnej szybie itp. Szczególnie polecam wykorzystanie prestiżowego charakteru tego samochodu w wystroju jedynie z dyplomatycznymi masztami flagowymi nad przednimi błotnikami. Wzór okolicznościowej flagi samochodowej do wyboru.</p>



<p>Jeśli chcesz się wyróżnić i pojechać do ślubu nietuzinkowym samochodem,  którego trudno już szukać na ulicach, a na zdjęciach ślubnych mieć  kawałek historii motoryzacji, który za 5, 10, 15 lat nie spowszednieje, tylko będzie wyglądał coraz dostojniej &#8211; zapraszam do  kontaktu. </p>



<p>Po więcej informacji oraz w celu rezerwacji terminu tego pięknego klasyka jako samochodu do ślubu zapraszam do działu <a href="https://fajneauta.pl/index.php/kontakt/" target="_blank" aria-label="KONTAKT (opens in a new tab)" rel="noreferrer noopener">KONTAKT</a>. </p>



<p>Nasze pozostałe znakomite samochody do ślubu i na inne okazje:</p>



<p>  <a href="https://fajneauta.pl/index.php/polski-fiat-125p" target="_blank" aria-label="POLSKI FIAT 125p '77  (opens in a new tab)" rel="noreferrer noopener"><strong>POLSKI FIAT 125p &#8217;77</strong> </a></p>



<p>  <strong><a href="https://fajneauta.pl/index.php/mercedes-benz-w108-280-sel-45l-72" target="_blank" rel="noreferrer noopener">MERCEDES-BENZ W108 280 SEL 4,5l &#8217;72</a></strong> </p>



<figure class="wp-block-image size-large"><img loading="lazy" width="1024" height="583" src="https://fajneauta.pl/wp-content/uploads/2022/08/500SEL-1024x583.jpg" alt="" class="wp-image-189" srcset="https://fajneauta.pl/wp-content/uploads/2022/08/500SEL-1024x583.jpg 1024w, https://fajneauta.pl/wp-content/uploads/2022/08/500SEL-300x171.jpg 300w, https://fajneauta.pl/wp-content/uploads/2022/08/500SEL-768x437.jpg 768w, https://fajneauta.pl/wp-content/uploads/2022/08/500SEL.jpg 1406w" sizes="(max-width: 767px) 89vw, (max-width: 1000px) 54vw, (max-width: 1071px) 543px, 580px" /></figure>



<figure class="wp-block-image size-large"><img loading="lazy" width="1024" height="768" src="https://fajneauta.pl/wp-content/uploads/2022/08/Cramka-1024x768.jpg" alt="" class="wp-image-191" srcset="https://fajneauta.pl/wp-content/uploads/2022/08/Cramka-1024x768.jpg 1024w, https://fajneauta.pl/wp-content/uploads/2022/08/Cramka-300x225.jpg 300w, https://fajneauta.pl/wp-content/uploads/2022/08/Cramka-768x576.jpg 768w, https://fajneauta.pl/wp-content/uploads/2022/08/Cramka.jpg 1067w" sizes="(max-width: 767px) 89vw, (max-width: 1000px) 54vw, (max-width: 1071px) 543px, 580px" /></figure>

<p>Mercedes S klasę III generacji. KLASYK I WSPÓŁCZESNA WYGODA w jednym. To największy samochód z topowych limuzyn lat 90-tych. Definicja najwyższej, luksusowej klasy samochodów osobowych tamtych czasów. W tym reprezentacyjnym samochodzie łatwo poczuć, że najważniejsze osoby podróżują na tylnych siedzeniach. Został stworzony dla pasażerów, dlatego był oczywistym wyborem do przewozu polityków, dyplomatów i szeroko pojętych &hellip; </p>
<p class="link-more"><a href="https://fajneauta.pl/index.php/mercedes-benz-s500-w140-91/" class="more-link">Czytaj dalej<span class="screen-reader-text"> Mercedes-Benz S500 SEL W140 &#8217;91</span></a></p>
