{"id":87,"date":"2020-08-24T20:29:46","date_gmt":"2020-08-24T20:29:46","guid":{"rendered":"https:\/\/fajneauta.pl\/?page_id=87"},"modified":"2020-08-24T21:46:02","modified_gmt":"2020-08-24T21:46:02","slug":"mercedes-benz-w108-280-sel-45l-72","status":"publish","type":"page","link":"https:\/\/fajneauta.pl\/index.php\/mercedes-benz-w108-280-sel-45l-72\/","title":{"rendered":"Mercedes-Benz W108 280 SEL 4,5l &#8217;72"},"content":{"rendered":"\n<p><strong>Wkr\u00f3tce dost\u0119pny!<\/strong><\/p>\n\n\n\n<p>Pierwowz\u00f3r S-klasy. <\/p>\n\n\n\n<p>Istota elegancji<\/p>\n\n\n\n<p>Dziedzictwo przekute w sukces.<\/p>\n\n\n\n<p>To jeden z tych samochod\u00f3w, w kt\u00f3rych najwa\u017cniejsze osoby podr\u00f3\u017cuj\u0105 z ty\u0142u. Fabrycznie wyd\u0142u\u017cony rozstaw osi (wersja SEL) to jeszcze wi\u0119cej miejsca dla komfortu pasa\u017cer\u00f3w i jeszcze bardziej reprezentacyjny charakter. W standardzie ORYGINALNA i SPRAWNA KLIMATYZACJA zapewniaj\u0105ca  komfort latem oraz 4,5 litrowy silnik V8 dla odpowiedniej satysfakcji i lepszej dynamiki podr\u00f3\u017cowania.<\/p>\n\n\n\n<p>Przygotowuj\u0105c jedn\u0105 z wa\u017cniejszych uroczysto\u015bci w swoim \u017cyciu staje si\u0119 przed wieloma wyborami. Jednym z nich jest wyb\u00f3r odpowiedniego samochodu, kt\u00f3ry powinien podkre\u015bli\u0107 presti\u017cowy charakter tego wydarzenia i idealnie wsp\u00f3\u0142gra\u0107 z prezencj\u0105 Pa\u0144stwa M\u0142odych. <\/p>\n\n\n\n<p>Je\u015bli chcesz si\u0119 wyr\u00f3\u017cni\u0107 i pojecha\u0107 do \u015blubu nietuzinkowym samochodem oraz zatrzyma\u0107 na zdj\u0119ciach \u015blubnych kawa\u0142ek historii motoryzacji, kt\u00f3ry za 5, 10, 15 lat nie spowszednieje, tylko b\u0119dzie wygl\u0105da\u0142 jeszcze dostojniej &#8211; zapraszam do  kontaktu. <\/p>\n\n\n\n<p>Po wi\u0119cej informacji oraz w celu rezerwacji terminu tego pi\u0119knego klasyka jako samochodu do \u015blubu zapraszam do dzia\u0142u <a href=\"https:\/\/fajneauta.pl\/index.php\/kontakt\/\" target=\"_blank\" aria-label=\"KONTAKT (opens in a new tab)\" rel=\"noreferrer noopener\">KONTAKT<\/a>. <\/p>\n\n\n\n<p>Nasze pozosta\u0142e znakomite samochody do \u015blubu i na inne okazje:<\/p>\n\n\n\n<p>  <a href=\"https:\/\/fajneauta.pl\/index.php\/polski-fiat-125p\" target=\"_blank\" aria-label=\"POLSKI FIAT 125p '77  (opens in a new tab)\" rel=\"noreferrer noopener\"><strong>POLSKI FIAT 125p &#8217;77<\/strong> <\/a><\/p>\n\n\n\n<p> <strong><a href=\"https:\/\/fajneauta.pl\/index.php\/mercedes-benz-s500-w140-91\/\" target=\"_blank\" rel=\"noreferrer noopener\">MERCEDES-BENZ S500 SEL W140 &#8217;91<\/a><\/strong> <\/p>\n\n\n\n<figure class=\"wp-block-image size-large\"><img loading=\"lazy\" width=\"982\" height=\"736\" src=\"https:\/\/fajneauta.pl\/wp-content\/uploads\/2020\/08\/MeBew108.jpg\" alt=\"\" class=\"wp-image-90\" srcset=\"https:\/\/fajneauta.pl\/wp-content\/uploads\/2020\/08\/MeBew108.jpg 982w, https:\/\/fajneauta.pl\/wp-content\/uploads\/2020\/08\/MeBew108-300x225.jpg 300w, https:\/\/fajneauta.pl\/wp-content\/uploads\/2020\/08\/MeBew108-768x576.jpg 768w\" sizes=\"(max-width: 767px) 89vw, (max-width: 1000px) 54vw, (max-width: 1071px) 543px, 580px\" \/><\/figure>\n","protected":false},"excerpt":{"rendered":"<p>Wkr\u00f3tce dost\u0119pny! Pierwowz\u00f3r S-klasy. Istota elegancji Dziedzictwo przekute w sukces. To jeden z tych samochod\u00f3w, w kt\u00f3rych najwa\u017cniejsze osoby podr\u00f3\u017cuj\u0105 z ty\u0142u. Fabrycznie wyd\u0142u\u017cony rozstaw osi (wersja SEL) to jeszcze wi\u0119cej miejsca dla komfortu pasa\u017cer\u00f3w i jeszcze bardziej reprezentacyjny charakter. W standardzie ORYGINALNA i SPRAWNA KLIMATYZACJA zapewniaj\u0105ca komfort latem oraz 4,5 litrowy silnik V8 dla &hellip; <\/p>\n<p class=\"link-more\"><a href=\"https:\/\/fajneauta.pl\/index.php\/mercedes-benz-w108-280-sel-45l-72\/\" class=\"more-link\">Czytaj dalej<span class=\"screen-reader-text\"> Mercedes-Benz W108 280 SEL 4,5l &#8217;72<\/span><\/a><\/p>\n","protected":false},"author":1,"featured_media":0,"parent":0,"menu_order":0,"comment_status":"closed","ping_status":"closed","template":"","meta":[],"_links":{"self":[{"href":"https:\/\/fajneauta.pl\/index.php\/wp-json\/wp\/v2\/pages\/87"}],"collection":[{"href":"https:\/\/fajneauta.pl\/index.php\/wp-json\/wp\/v2\/pages"}],"about":[{"href":"https:\/\/fajneauta.pl\/index.php\/wp-json\/wp\/v2\/types\/page"}],"author":[{"embeddable":true,"href":"https:\/\/fajneauta.pl\/index.php\/wp-json\/wp\/v2\/users\/1"}],"replies":[{"embeddable":true,"href":"https:\/\/fajneauta.pl\/index.php\/wp-json\/wp\/v2\/comments?post=87"}],"version-history":[{"count":9,"href":"https:\/\/fajneauta.pl\/index.php\/wp-json\/wp\/v2\/pages\/87\/revisions"}],"predecessor-version":[{"id":119,"href":"https:\/\/fajneauta.pl\/index.php\/wp-json\/wp\/v2\/pages\/87\/revisions\/119"}],"wp:attachment":[{"href":"https:\/\/fajneauta.pl\/index.php\/wp-json\/wp\/v2\/media?parent=87"}],"curies":[{"name":"wp","href":"https:\/\/api.w.org\/{rel}","templated":true}]}}

<p><strong>Wkrótce dostępny!</strong></p>



<p>Pierwowzór S-klasy. </p>



<p>Istota elegancji</p>



<p>Dziedzictwo przekute w sukces.</p>



<p>To jeden z tych samochodów, w których najważniejsze osoby podróżują z tyłu. Fabrycznie wydłużony rozstaw osi (wersja SEL) to jeszcze więcej miejsca dla komfortu pasażerów i jeszcze bardziej reprezentacyjny charakter. W standardzie ORYGINALNA i SPRAWNA KLIMATYZACJA zapewniająca  komfort latem oraz 4,5 litrowy silnik V8 dla odpowiedniej satysfakcji i lepszej dynamiki podróżowania.</p>



<p>Przygotowując jedną z ważniejszych uroczystości w swoim życiu staje się przed wieloma wyborami. Jednym z nich jest wybór odpowiedniego samochodu, który powinien podkreślić prestiżowy charakter tego wydarzenia i idealnie współgrać z prezencją Państwa Młodych. </p>



<p>Jeśli chcesz się wyróżnić i pojechać do ślubu nietuzinkowym samochodem oraz zatrzymać na zdjęciach ślubnych kawałek historii motoryzacji, który za 5, 10, 15 lat nie spowszednieje, tylko będzie wyglądał jeszcze dostojniej &#8211; zapraszam do  kontaktu. </p>



<p>Po więcej informacji oraz w celu rezerwacji terminu tego pięknego klasyka jako samochodu do ślubu zapraszam do działu <a href="https://fajneauta.pl/index.php/kontakt/" target="_blank" aria-label="KONTAKT (opens in a new tab)" rel="noreferrer noopener">KONTAKT</a>. </p>



<p>Nasze pozostałe znakomite samochody do ślubu i na inne okazje:</p>



<p>  <a href="https://fajneauta.pl/index.php/polski-fiat-125p" target="_blank" aria-label="POLSKI FIAT 125p '77  (opens in a new tab)" rel="noreferrer noopener"><strong>POLSKI FIAT 125p &#8217;77</strong> </a></p>



<p> <strong><a href="https://fajneauta.pl/index.php/mercedes-benz-s500-w140-91/" target="_blank" rel="noreferrer noopener">MERCEDES-BENZ S500 SEL W140 &#8217;91</a></strong> </p>



<figure class="wp-block-image size-large"><img loading="lazy" width="982" height="736" src="https://fajneauta.pl/wp-content/uploads/2020/08/MeBew108.jpg" alt="" class="wp-image-90" srcset="https://fajneauta.pl/wp-content/uploads/2020/08/MeBew108.jpg 982w, https://fajneauta.pl/wp-content/uploads/2020/08/MeBew108-300x225.jpg 300w, https://fajneauta.pl/wp-content/uploads/2020/08/MeBew108-768x576.jpg 768w" sizes="(max-width: 767px) 89vw, (max-width: 1000px) 54vw, (max-width: 1071px) 543px, 580px" /></figure>

<p>Wkrótce dostępny! Pierwowzór S-klasy. Istota elegancji Dziedzictwo przekute w sukces. To jeden z tych samochodów, w których najważniejsze osoby podróżują z tyłu. Fabrycznie wydłużony rozstaw osi (wersja SEL) to jeszcze więcej miejsca dla komfortu pasażerów i jeszcze bardziej reprezentacyjny charakter. W standardzie ORYGINALNA i SPRAWNA KLIMATYZACJA zapewniająca komfort latem oraz 4,5 litrowy silnik V8 dla &hellip; </p>
<p class="link-more"><a href="https://fajneauta.pl/index.php/mercedes-benz-w108-280-sel-45l-72/" class="more-link">Czytaj dalej<span class="screen-reader-text"> Mercedes-Benz W108 280 SEL 4,5l &#8217;72</span></a></p>
